{"id":797,"date":"2023-12-31T15:10:33","date_gmt":"2023-12-31T13:10:33","guid":{"rendered":"https:\/\/www.ksmaaralaskenta.fi\/?page_id=797"},"modified":"2024-01-16T09:07:17","modified_gmt":"2024-01-16T07:07:17","slug":"vastuunrajoitus","status":"publish","type":"page","link":"https:\/\/www.ksmaaralaskenta.fi\/index.php\/vastuunrajoitus\/","title":{"rendered":"VASTUUNRAJOITUS"},"content":{"rendered":"\n<h1 class=\"wp-block-heading has-text-align-center has-medium-font-size\">VASTUUNRAJOITUS<\/h1>\n\n\n\n<p class=\"has-text-align-left\">Vaikka laskemme kaiken mahdollisimman tarkasti, ohjelmistosta tai inhimillisest\u00e4 tekij\u00e4st\u00e4 aiheutuvia virheit\u00e4 voi sattua.<br>Laskenta-aineiston k\u00e4ytt\u00f6 tarjouslaskennassa on aina tilaajan vastuulla.<br>Tilaajan tulee olla tutustunut kohteen tarjouslaskenta-asiakirjoihin my\u00f6s itse ja verrata n\u00e4it\u00e4 tietoja toimittamaamme laskenta-aineistoon.<\/p>\n","protected":false},"excerpt":{"rendered":"<p>VASTUUNRAJOITUS Vaikka laskemme kaiken mahdollisimman tarkasti, ohjelmistosta tai inhimillisest\u00e4 tekij\u00e4st\u00e4 aiheutuvia virheit\u00e4 voi sattua.Laskenta-aineiston k\u00e4ytt\u00f6 tarjouslaskennassa on aina tilaajan vastuulla.Tilaajan tulee olla tutustunut kohteen tarjouslaskenta-asiakirjoihin my\u00f6s itse ja verrata n\u00e4it\u00e4 tietoja toimittamaamme laskenta-aineistoon.<\/p>\n","protected":false},"author":1,"featured_media":0,"parent":0,"menu_order":0,"comment_status":"closed","ping_status":"closed","template":"","meta":{"_kadence_starter_templates_imported_post":false,"_kad_post_transparent":"default","_kad_post_title":"hide","_kad_post_layout":"narrow","_kad_post_sidebar_id":"","_kad_post_content_style":"unboxed","_kad_post_vertical_padding":"default","_kad_post_feature":"","_kad_post_feature_position":"","_kad_post_header":false,"_kad_post_footer":false,"_kad_post_classname":"","footnotes":""},"class_list":["post-797","page","type-page","status-publish","hentry"],"_links":{"self":[{"href":"https:\/\/www.ksmaaralaskenta.fi\/index.php\/wp-json\/wp\/v2\/pages\/797","targetHints":{"allow":["GET"]}}],"collection":[{"href":"https:\/\/www.ksmaaralaskenta.fi\/index.php\/wp-json\/wp\/v2\/pages"}],"about":[{"href":"https:\/\/www.ksmaaralaskenta.fi\/index.php\/wp-json\/wp\/v2\/types\/page"}],"author":[{"embeddable":true,"href":"https:\/\/www.ksmaaralaskenta.fi\/index.php\/wp-json\/wp\/v2\/users\/1"}],"replies":[{"embeddable":true,"href":"https:\/\/www.ksmaaralaskenta.fi\/index.php\/wp-json\/wp\/v2\/comments?post=797"}],"version-history":[{"count":16,"href":"https:\/\/www.ksmaaralaskenta.fi\/index.php\/wp-json\/wp\/v2\/pages\/797\/revisions"}],"predecessor-version":[{"id":990,"href":"https:\/\/www.ksmaaralaskenta.fi\/index.php\/wp-json\/wp\/v2\/pages\/797\/revisions\/990"}],"wp:attachment":[{"href":"https:\/\/www.ksmaaralaskenta.fi\/index.php\/wp-json\/wp\/v2\/media?parent=797"}],"curies":[{"name":"wp","href":"https:\/\/api.w.org\/{rel}","templated":true}]}}